e prime factors of 347574970?
2, 5, 34757497
What are the prime factors of 2500947624?
2, 3, 7, 199, 239, 313
What are the prime factors of 472278291?
3, 743, 211879
What are the prime factors of 294065103?
3, 97, 103, 9811
What are the prime factors of 248221969?
223, 1113103
What are the prime factors of 123655537?
2131, 58027
What are the prime factors of 14507330?
2, 5, 37, 39209
List the prime factors of 3748268408.
2, 9739, 48109
What are the prime factors of 3792709259?
2143, 1769813
List the prime factors of 154018491.
3, 11, 1931, 2417
What are the prime factors of 6892985?
5, 11, 23, 5449
List the prime factors of 67395230.
2, 5, 7, 962789
What are the prime factors of 1935089339?
359, 1657, 3253
What are the prime factors of 126575656?
2, 877, 18041
What are the prime factors of 2538368459?
11, 97, 2378977
List the prime factors of 34442168.
2, 4305271
What are the prime factors of 180861219?
3, 7, 11, 260983
List the prime factors of 758562166.
2, 3217, 117899
List the prime factors of 191666382.
2, 3, 31944397
List the prime factors of 434079425.
5, 13, 257, 5197
List the prime factors of 477702581.
477702581
What are the prime factors of 20841213?
3, 6947071
List the prime factors of 32116045.
5, 13, 494093
List the prime factors of 207821656.
2, 7, 29, 73, 1753
What are the prime factors of 9967495?
5, 19, 239, 439
What are the prime factors of 89380489?
11, 8125499
What are the prime factors of 3011144172?
2, 3, 250928681
List the prime factors of 174419263.
89, 1297, 1511
What are the prime factors of 53617336?
2, 83, 80749
List the prime factors of 271151643.
3, 7, 1844569
What are the prime factors of 88758156?
2, 3, 17, 311, 1399
What are the prime factors of 54797974?
2, 7, 11, 50833
List the prime factors of 40298168.
2, 29, 173699
List the prime factors of 149468544.
2, 3, 61, 709
List the prime factors of 82244729.
7, 41, 509, 563
What are the prime factors of 542812384?
2, 151, 112337
List the prime factors of 70756687.
197, 359171
What are the prime factors of 140353353?
3, 7, 2227831
List the prime factors of 89134337.
8719, 10223
What are the prime factors of 70480883?
11, 137, 46769
What are the prime factors of 19288103?
29, 59, 11273
List the prime factors of 4376443980.
2, 3, 5, 72940733
List the prime factors of 240700277.
240700277
List the prime factors of 39694571.
7, 5670653
List the prime factors of 2116325242.
2, 97, 10908893
What are the prime factors of 344263869?
3, 19, 599, 3361
List the prime factors of 57392328.
2, 3, 7, 37, 1319
What are the prime factors of 35011095?
3, 5, 7, 333439
List the prime factors of 1571320557.
3, 17, 97, 239, 443
What are the prime factors of 43108650?
2, 3, 5, 13, 7369
What are the prime factors of 211121038?
2, 37, 2852987
List the prime factors of 3540738927.
3, 11, 173, 277, 2239
What are the prime factors of 88489309?
7349, 12041
What are the prime factors of 166748280?
2, 3, 5, 1389569
What are the prime factors of 27019705?
5, 269, 20089
What are the prime factors of 167395709?
13, 12876593
List the prime factors of 489133219.
317, 1543007
List the prime factors of 1145004359.
1145004359
List the prime factors of 442609584.
2, 3, 9221033
List the prime factors of 3531408.
2, 3, 73571
List the prime factors of 20878817.
757, 27581
What are the prime factors of 664137106?
2, 41, 661, 12253
List the prime factors of 7513654814.
2, 3756827407
List the prime factors of 6655569.
3, 2218523
What are the prime factors of 450948011?
450948011
What are the prime factors of 130215395?
5, 37, 43, 16369
List the prime factors of 77738592.
2, 3, 263, 3079
What are the prime factors of 295373086?
2, 101, 337, 4339
What are the prime factors of 224971028?
2, 56242757
What are the prime factors of 228961?
228961
What are the prime factors of 152750224?
2, 11, 167, 5197
What are the prime factors of 3517714777?
19, 185142883
List the prime factors of 149199701.
7, 17, 431, 2909
What are the prime factors of 295968?
2, 3, 3083
List the prime factors of 49262546.
2, 53, 464741
What are the prime factors of 2711273215?
5, 7, 41, 1889389
What are the prime factors of 182911787?
29, 6307303
What are the prime factors of 239561743?
239561743
List the prime factors of 46436990.
2, 5, 43, 79, 1367
What are the prime factors of 9539637?
3, 29, 47, 2333
List the prime factors of 1191984783.
3, 11, 3299, 10949
List the prime factors of 2730035152.
2, 13, 13125169
List the prime factors of 462836861.
541, 855521
List the prime factors of 2801184276.
2, 3, 11, 419, 50647
List the prime factors of 5221893361.
37, 9629, 14657
What are the prime factors of 3463316926?
2, 421, 4113203
What are the prime factors of 118149240?
2, 3, 5, 11, 79, 103
List the prime factors of 1701299305.
5, 23, 41, 360827
List the prime factors of 416696293.
13, 32053561
What are the prime factors of 1137386579?
7, 1567, 14813
What are the prime factors of 158300050?
2, 5, 3166001
What are the prime factors of 106906607?
67, 263, 6067
What are the prime factors of 4829767?
47, 102761
What are the prime factors of 285308700?
2, 3, 5, 951029
What are the prime factors of 3715400939?
43, 401, 5011
List the prime factors of 139145792.
2, 191, 11383
List the prime factors of 426373185.
3, 5, 7, 149, 27253
List the prime factors of 148498265.
5, 3187, 9319
What are the prime factors of 95169643?
95169643
What are the prime factors of 425183644?
2, 106295911
List the prime factors of 17958006.
2, 3, 11, 90697
What are the prime factors of 32146499?
7, 11, 19, 43, 73
List the prime factors of 334361918.
2, 11, 15198269
What are the prime factors of 52488315?
3, 5, 11, 107, 991
List the prime factors of 1133526060.
2, 3, 5, 6297367
List the prime factors of 322154450.
2, 5, 47, 137087
What are the prime factors of 793579502?
2, 14519, 27329
List the prime factors of 164817371.
164817371
List the prime factors of 102757668.
2, 3, 13, 658703
List the prime factors of 175770706.
2, 87885353
List the prime factors of 32736373.
17, 19, 43, 2357
List the prime factors of 4184925587.
4184925587
What are the prime factors of 898893388?
2, 224723347
List the prime factors of 181289506.
2, 90644753
What are the prime factors of 230574189?
3, 8179, 9397
List the prime factors of 135375705.
3, 5, 334261
List the prime factors of 113602254.
2, 3, 19, 996511
List the prime factors of 2407173102.
2, 3, 73, 317, 5779
What are the prime factors of 403557788?
2, 191, 528217
List the prime factors of 1954685282.
2, 11, 88849331
What are the prime factors of 185989942?
2, 1277, 72823
What are the prime factors of 38475563?
7, 47, 83, 1409
List the prime factors of 1837930065.
3, 5, 47, 709, 3677
List the prime factors of 81241072.
2, 11, 79, 5843
List the prime factors of 65728433.
2833, 23201
What are the prime factors of 3118126170?
2, 3, 5, 47, 71, 31147
What are the prime factors of 4717007145?
3, 5, 104822381
List the prime factors of 103521614.
2, 7, 19, 53, 1049
What are the prime factors of 290789808?
2, 3, 37, 163733
List the prime factors of 43494839.
307, 141677
List the prime factors of 2570159256.
2, 3, 7, 15298567
List the prime factors of 680808917.
37, 18400241
What are the prime factors of 28736615?
5, 5747323
List the prime factors of 224226295.
5, 43, 269, 3877
List the prime factors of 41718515.
5, 8343703
What are the prime factors of 8978035?
5, 11, 239, 683
List the prime factors of 1866581846.
2, 37, 25224079
What are the prime factors of 1690403211?
3, 7, 17, 79, 19979
What are the prime factors of 75014119?
75014119
What are the prime factors of 138058097?
31, 4453487
List the prime factors of 84526853.
84526853
List the prime factors of 3755359952.
2, 467, 502591
List the prime factors of 698918903.
8231, 84913
What are the prime factors of 3596483269?
7481, 480749
List the prime factors of 797875770.
2, 3, 5, 37, 718807
What are the prime factors of 200180456?
2, 7, 67, 53353
What are the prime factors of 5453112?
2, 3, 7, 4637
What are the prime factors of 764605537?
23, 61, 544979
What are the prime factors of 1684425839?
157, 10728827
List the prime factors of 672700157.
672700157
List the prime factors of 617293034.
2, 443, 696719
What are the prime factors of 876204694?
2, 67, 101, 641
What are the prime factor